-3
Evaluate 2 - -11 - (1 + -2 + 7).
7
What is the value of -16 + (13 - (-6 - -10))?
-7
0 + (-2 - -2 - (8 + -9))
1
What is the value of 7 - 9 - -4 - 7?
-5
What is the value of -24 + 23 - (6 + 1 + -3)?
-5
4 - (-3 + 0 - 2)
9
What is the value of -3 - -2 - (1 - 3)?
1
(13 - 6) + (-3 - 8) + 3
-1
Evaluate 2 + -2 + (-6 - -10) + -7.
-3
What is the value of 7 + -18 + (4 - -5)?
-2
What is the value of 2 + 11 + (11 - 12 - 1)?
11
Calculate 16 - (5 - (3 + -9)).
5
What is (-2 - (-2 + 2)) + 4 + 0?
2
Calculate -8 + 7 + 6 + -3.
2
1 + 2 + -7 + -1 + 4
-1
Evaluate -15 + (2 - -10) + -5.
-8
Calculate 1 + -1 + 8 + -42 + 30.
-4
Calculate (-6 - 0) + (1 - -3).
-2
(3 - -1) + (-2 - 7) + 9
4
What is 4 + (-2 - 5) + 2?
-1
-4 - -1 - (-3 - -2 - 1)
-1
Evaluate 1 + -1 + 0 + -1.
-1
What is the value of -17 + 21 + -3 + 3?
4
What is the value of (1 - -4) + 15 + -20?
0
What is the value of 3 + 1 + 2 + -5?
1
Evaluate (-12 + 5 - 1) + 11.
3
Evaluate (-2 + 1 - 5) + 3 - -3.
0
Calculate 3 - (-8 - -19) - -8.
0
Evaluate -3 + 5 - (0 - 1).
3
-5 - 5 - (1 - 14)
3
Calculate 0 + (-2 - 4 - -1).
-5
What is the value of 16 - (8 + -16 + 21)?
3
Calculate 27 + -42 - (0 - 6).
-9
What is 8 + (7 + -3 + -4 - 4)?
4
Evaluate (0 - -1 - 5) + 3.
-1
What is (41 - 33) + (0 - -2 - 8)?
2
Calculate 1 - 0 - (-4 - -5 - -7).
-7
What is 7 + -1 - -3 - 3 - 2?
4
-5 + 5 + 3 + -4
-1
What is 4 + -8 + -3 + -2 - -2?
-7
Calculate 4 + 1 + -27 + 21 + 6.
5
Evaluate 6 - 4 - 5 - -3.
0
Evaluate -2 - (0 - 5) - (11 - 10).
2
What is (-3 + 2 - -3) + -4 + -3?
-5
Evaluate -88 + 81 - (-7 - -1).
-1
Evaluate 6 - 3 - 3 - -6 - 5.
1
What is -8 - -27 - 8 - 8?
3
What is 2 + -2 - (17 - 14)?
-3
What is the value of 2 - ((5 - 3) + 2 + 0)?
-2
-4 - (-11 - -9 - 3)
1
Evaluate -5 + 5 - 2 - (9 - 8).
-3
What is 0 + -1 + 3 + -2 + 3?
3
Calculate (2 - 1) + 12 + -12.
1
What is the value of 7 + 1 - (-1 + (3 - -1))?
5
What is -6 - -1 - -1 - (-1 + -2)?
-1
Evaluate -8 + 4 - -3 - 7 - -3.
-5
Evaluate 6 + (-1 - 4 - -3).
4
Calculate (-16 - -19) + (7 + -5 - -4).
9
What is the value of 8 + (0 + 0 - 6)?
2
What is the value of (-1 - 3) + 7 + -4?
-1
Evaluate 7 + (1 - 1) + (263 - 269).
1
-54 + 58 + (-1 - 2)
1
Evaluate -6 - -7 - -6 - 8.
-1
Calculate -8 - ((-14 - (-3 + -4)) + 0).
-1
-9 - (-5 - (-1 + 0))
-5
-4 + 3 + 0 + -3
-4
Evaluate (-6 - 4) + 7 + 7.
4
What is the value of -1 + 2 + -2 + -6 + 5?
-2
-2 + 7 + -3 + 6 + -2
6
Calculate 7 + (2 + -1 - 3 - -3).
8
Evaluate 7 + (-5 - -1) + -7.
-4
What is the value of (1 - -3) + (1 - 6)?
-1
13 - (0 - (9 + -22))
0
What is 1 + 1 - (-4 - (-8 + 4))?
2
What is the value of 4 + (11 - 17) - (1 - 5)?
2
What is -4 + 4 + -4 + (-2 - -2)?
-4
What is (5 - 1) + -1 + 6 + -5?
4
(-5 + -4 + 9 - 5) + 8
3
(4 - 4) + -7 - -10
3
1 + -11 + (8 - -9)
7
What is the value of 1 + 5 - (7 - 6)?
5
Calculate -6 - (-7 - (-2 + 1)).
0
-5 - (-3 - 0) - -2 - -4
4
Evaluate (-1 - -7) + (-7 + 4 - 1).
2
Evaluate 12 - (-4 + (-8 - -33)).
-9
Calculate 0 + (3 - -1 - 2 - -6).
8
What is (-2 - -6) + (3 + -7 - 3)?
-3
What is the value of 4 + (1 - (4 - 1)) + 3?
5
-6 + (-3 - 3 - -3 - -2)
-7
What is 0 + 7 + (2 - 6)?
3
(-4 - -3) + 3 - (0 + -1)
3
What is 3 + -9 - (1 - 2)?
-5
-12 + 9 - (2 - -1 - 5)
-1
Evaluate (2 + 5 + -11 - -5) + -5.
-4
Evaluate (-3 - 0) + 2 + 3.
2
What is the value of -3 - 2 - -2 - (7 + -11)?
1
Evaluate (-6 - (-8 - -6)) + -1.
-5
4 - (1 + 5 + -5)
3
Calculate 73 + -71 + (0 - 2).
0
What is -2 + 4 - (-6 + 3)?
5
What is the value of (6 - -1 - 12) + 0 + 14?
9
What is the value of (10 - 7) + -2 + -5?
-4
(-2 - 0 - -2) + -3
-3
Calculate 0 + 6 + (-6 - -1).
1
1 + -1 - (8 + -16)
8
Calculate 11 + 7 + -7 + -10.
1
Calculate -8 + 6 + 4 + 2.
4
-20 - -25 - (-1 - (-3 + 0))
3
Evaluate 1 - 4 - (-25 - -22).
0
What is (3 - -1) + -3 + -1 - 1?
-1
(2 - -1) + 6 + -6
3
-2 + -1 + -1 + -1
-5
What is the value of 3 + -7 + 6 - -2?
4
-8 - (3 - (-8 + 10))
-9
Calculate -6 + -2 + (-3 - -13).
2
6 - 9 - 0 - -2
-1
What is the value of -3 + -7 + 6 + 5 + -2?
-1
What is -2 - -12 - (8 + 7)?
-5
1 - (-1 + 1) - (-27 - -19)
9
What is the value of (0 - 0) + -11 + 2 + 8?
-1
Calculate -31 + 6 + 9 - (-1 - 7).
-8
Evaluate (-14 + 6 - 1) + 17.
8
What is the value of -7 + 1 + 5 - -1?
0
Evaluate 0 + (-2 - 1) + -16 + 23.
4
Calculate -3 - (5 + 3 + -8).
-3
Calculate (8 - -4) + 1 + -7.
6
What is the value of -1 + -13 + 21 + -2 + -1?
4
Evaluate -4 + 2 - (0 - -1).
-3
What is -3 - 3 - -1 - (15 + -21)?
1
What is -3 + 2 - 10 - -7?
-4
What is 2 - (1 + -3 + 1) - 0?
3
Calculate 5 + (-1 - (-3 + 7 + 5)).
-5
-4 - (-5 - (4 - 14) - 4)
-5
What is the value of -2 + -1 + -22 + 19 + 4?
-2
-5 + 6 - (2 - -3)
-4
What is (-5 - (2 + -2)) + 9 + -4?
0
What is the value of (-4 - -4) + 1 + -4?
-3
(-1 - -4) + -7 + 0
-4
What is the value of -3 - (-1 - (4 + -6)) - -6?
2
What is the value of 1 + (8 - (17 - 3)) + 5?
0
What is the value of 15 - 12 - (-2 + (8 - -2))?
-5
5 - 1 - (-4 + 1 + 10)
-3
Evaluate 25 + -16 - (3 - (0 + -2)).
4
What is 4 + (-1 + 0 - -1)?
4
Calculate -1 - -2 - (-2 - (-9 - -11)).
5
What is -4 - (-5 + 5) - 0?
-4
What is -4 - ((-5 - 9) + 4)?
6
Calculate 1 + 0 - (7 + -4).
-2
What is the value of (-3 + -5 - -6) + 1?
-1
Evaluate 1 + 0 + -1 + -3.
-3
-6 - (7 - (0 - 0) - 4)
-9
What is -4 - 0 - (14 - (-2 - -15))?
-5
What is the value of 1 - (-4 + 5) - 4 - -2?
-2
What is the value of (-8 + 13 - 10) + 5?
0
Calculate (0 - -2) + 0 + -3 + -2.
-3
Calculate 0 + -1 - ((5 - 8) + 3).
-1
What is the value of -7 + (-8 - (-13 - 9))?
7
Calculate -2 + 0 + (-42 - -39).
-5
What is 3 - 0 - (-18 - -19)?
2
Calculate (24 - 18) + -4 + 1 + 0.
3
1 - 4 - (2 - (1 + 0))
-4
What is the value of 7 + 4 + -6 + (7 - 21)?
-9
6 + (8 - 20) + -2
-8
What is the value of (14 - 14) + 0 + -1 + 3?
2
What is the value of 5 + 4 + (-6 - 6) + 4?
1
What is -1 + -1 - (1 + -7)?
4
Calculate (4 - (0 - -1)) + (7 - 14).
-4
Calculate (12 - 5) + -1 + -4.
2
What is 0 - 0 - 0 - (-1 + -3)?
4
-36 + 47 + (-9 - -1)
3
Calculate 82 + -75 + -3 + 2.
6
Evaluate 13 + -3 + 0 + -5.
5
-3 - -6 - -4 - 7
0
2 + 0 - (239 + -246)
9
5 + (-5 - (-7 - -5) - -1)
3
What is the value of 8 - ((6 - 2) + -3 - -2)?
5
What is the value of 4 + -1 + -3 - 4?
-4
What is the value of 5 + -2 + 7 - 12?
-2
1 + (2 - 4) + (-42 - -39)
-4
Evaluate -1 - (5 + (-3 - -3) + -2).
-4
-7 + (-2 + 2 - -5)
-2
11 - (-7 - (-13 - 3))
2
-1 + 1 + -1 + -8 + 5
-4
What is -14 + 8 + (0 + 2 - -2)?
-2
2 - (3 + (3 - (-4 - -5)))
-3
-9 + 15 + -6 + 4
4
Calculate 5 - (-1 - -3) - (4 + -9).
8
Evaluate 8 + (4 - 1 - (0 - -6)).
5
Calculate (-1 - 1) + 14 + (10 - 16).
6
(0 - (1 + 2)) + 7 - 2
2
Calculate -7 - (-10 - -1 - 2).
4
What is the value of 5 + 0 + 5 + -9?
1
What is -2 + 2 + 0 + -4 + 4?
0
-17 + 15 + 6 + 1 - 3
2
Calculate (-5 + 3 - 0) + -4 + 1.
-5
What is 0 - (-2 - (2 + -8))?
-4
What is the value of (0 - 0) + 13 + -17?
-4
-1 + -1 + (-4 - -11) + -12
-7
Evaluate (1 - (1 + -2)) + (24 - 25).
1
8 + 1 + -3 + (-8 - -5)
3
What is 20 + -24 + (0 - -3)?
-1
What is the value of (6 - 1) + -3 + 0 + -3?
-1
What is the value of -4 - (-8 - (-6 - -6))?
4
Evaluate (5 - (22 - 9)) + 17.
9
Evaluate (0 - (0 + (0 - -2))) + -1.
-3
Evaluate 10 - (5 - (7 - 5)).
7
What is 1 - 4 - 1 - 3 - -1?
-6
Evaluate -5 + 8 + -9 - -4.
-2
What is the value of -5 - 2 - -9 - (-6 - -3)?
5
What is the value of 1 + -1 + -5 + 5?
0
(-4 - -5) + -1 + 3 - -2
5
Calculate -10 - -15 - (2 + 2 + 0).
1
Calculate (-2 - -2 - -3 - 2) + -2.
-1
Calculate (10 - 4) + (0 - 7).
-1
Evaluate -4 + (4 - (-1 - -1)).
0
1 + -1 + (-1 - 4)
-5
Calculate -1 - (-3 + (-3 - (0 + -4))).
1
7 + -7 + (-1 + -1 - 0)
-2
(-13 - -10) + -1 + -2 + 3
-3
8 + (0 - 7) + 3
4
Evaluate 2 - 9 - -7 - (0 - -2).
-2
Calculate 3 + -1 + -22 + 21.
1
What is the value of 9 + 10 + -12 + -10?
-3
What is the value of (-6 - 6) + 5 + (3 - -1)?
-3
What is the value of 7 - (-1 + 1 + 2)?
5
9 - (-1 + (8 - -4))
-2
Evaluate 43 + -31 - ((1 - 1) + 8).
4
What is the value of 6 + -1 + (1 - (0 - -4))?
2
Calculate (13 - 18) + 4 + -2.
-3
Calculate (9 - 16) + (5 - 1).
-3
-3 + (9 - 9 - (1 - 2))
-2
-3 + 0 - (-1 + -2 + -5)
5
What is the value of 1 + -6 + 5 + -2?
-2
What is -1 - 0 - -4 - (1 - 2)?
4
0 + (-8 + 1 - (-3 - -1))
-5
(-4 - 0 - 1) + (4 - 1)
-2
23 + -2 + -177 + 166
10
What is -1 + 3 + (-3 - -6) + -3?
2
(-1 - (-3 - -5)) + -1
-4
Calculate 5 + 6 + (-3 - 3).
5
Calculate -5 - ((1 - 0) + (1 - 3)).
-4
Evaluate (-4 - -6 - 4) + 1.
-1
What is the value of -1 + 2 - (-4 - (-4 + 3))?
4
What is the value of -9 + (